{"id":353,"date":"2021-04-09T10:51:56","date_gmt":"2021-04-09T13:51:56","guid":{"rendered":"https:\/\/jaguariaiva.pr.gov.br\/coronavirus\/?page_id=353"},"modified":"2023-07-05T14:41:34","modified_gmt":"2023-07-05T17:41:34","slug":"vacinacao","status":"publish","type":"page","link":"https:\/\/jaguariaiva.pr.gov.br\/coronavirus\/vacinacao\/","title":{"rendered":"Vacina\u00e7\u00e3o"},"content":{"rendered":"\n<section class=\"wp-block-uagb-section uagb-section__wrap uagb-section__background-image uagb-block-b5bc1396\"><div class=\"uagb-section__overlay\"><\/div><div class=\"uagb-section__inner-wrap\">\n<h2 class=\"has-white-color has-text-color has-large-font-size wp-block-heading\" id=\"plano-de-vacinacao\">P<strong>lano de Vacina\u00e7\u00e3o<\/strong><\/h2>\n<\/div><\/section>\n\n\n\n<section class=\"wp-block-uagb-section uagb-section__wrap uagb-section__background-undefined uagb-block-607a3ab2\"><div class=\"uagb-section__overlay\"><\/div><div class=\"uagb-section__inner-wrap\"><\/div><\/section>\n\n\n\n<section class=\"wp-block-uagb-section uagb-section__wrap uagb-section__background-undefined uagb-block-db1a23d4\"><div class=\"uagb-section__overlay\"><\/div><div class=\"uagb-section__inner-wrap\">\n<figure class=\"wp-block-table is-style-stripes\"><table><tbody><tr><td><strong> 8\u00ba EDI\u00c7\u00c3O DO PLANO ESTADUAL DE VACINA\u00c7\u00c3O CONTRA A COVID-19<\/strong><\/td><td><strong><a href=\"https:\/\/jaguariaiva.pr.gov.br\/coronavirus\/wp-content\/uploads\/2022\/02\/8a-Edicao-do-Plano-Estadual-de-Vacinacao-Contra-a-COVID-19-1.pdf\" target=\"_blank\" rel=\"noreferrer noopener\">Visualizar<\/a><\/strong><\/td><\/tr><tr><td><strong>QUANTITATIVO DE DOSES RECEBIDAS 15.02<\/strong><\/td><td><strong><a href=\"https:\/\/jaguariaiva.pr.gov.br\/coronavirus\/wp-content\/uploads\/2022\/02\/QUANTITATIVO-DE-DOSES-RECEBIDAS-15.02.pdf\" target=\"_blank\" rel=\"noreferrer noopener\">Visualizar<\/a><\/strong><\/td><\/tr><tr><td><strong>PESSOAS VACINADAS DE ACORDO COM OS GRUPOS PRIORIT\u00c1RIOS 15.02<\/strong><\/td><td><strong><a href=\"https:\/\/jaguariaiva.pr.gov.br\/coronavirus\/wp-content\/uploads\/2022\/02\/Pessoas-Vacinadas-de-acordo-com-os-Grupos-Prioritarios-15.02.pdf\" target=\"_blank\" rel=\"noreferrer noopener\">Visualizar<\/a><\/strong><\/td><\/tr><tr><td><strong>QUANTITATIVO DE DOSES RECEBIDAS 08.11<\/strong><\/td><td><a href=\"https:\/\/jaguariaiva.pr.gov.br\/coronavirus\/wp-content\/uploads\/2021\/11\/QUANTITATIVO-DE-DOSES-RECEBIDAS-08.11.pdf\" data-type=\"URL\" data-id=\"https:\/\/jaguariaiva.pr.gov.br\/coronavirus\/wp-content\/uploads\/2021\/11\/QUANTITATIVO-DE-DOSES-RECEBIDAS-08.11.pdf\" target=\"_blank\" rel=\"noreferrer noopener\"><strong>Visualizar<\/strong><\/a><img decoding=\"async\" class=\"wp-image-1688\" style=\"width: NaNpx;\" src=\"https:\/\/jaguariaiva.pr.gov.br\/coronavirus\/wp-content\/uploads\/2021\/11\/QUANTITATIVO-DE-DOSES-RECEBIDAS-08.11.pdf\" alt=\"\"><\/td><\/tr><tr><td><strong>PESSOAS VACINADAS DE ACORDO COM OS GRUPOS<\/strong><\/td><td><strong><img decoding=\"async\" class=\"wp-image-1687\" style=\"width: NaNpx;\" src=\"https:\/\/jaguariaiva.pr.gov.br\/coronavirus\/wp-content\/uploads\/2021\/11\/Pessoas-Vacinadas-de-Acordo-com-os-Grupos.pdf\" alt=\"\"><a href=\"https:\/\/jaguariaiva.pr.gov.br\/coronavirus\/wp-content\/uploads\/2021\/11\/Pessoas-Vacinadas-de-Acordo-com-os-Grupos.pdf\" data-type=\"URL\" data-id=\"https:\/\/jaguariaiva.pr.gov.br\/coronavirus\/wp-content\/uploads\/2021\/11\/Pessoas-Vacinadas-de-Acordo-com-os-Grupos.pdf\" target=\"_blank\" rel=\"noreferrer noopener\">Visualizar<\/a><\/strong><\/td><\/tr><tr><td>I<strong>NFORMA\u00c7\u00d5ES SOBRE A SEGURAN\u00c7A, EFIC\u00c1CIA, POTENCIAIS RISCOS E BENEF\u00cdCIOS DE CADA UMA DAS VACINAS CONTRA A COVID-19 UTILIZADAS EM NOSSO MUNIC\u00cdPIO.<\/strong><\/td><td><strong><a href=\"https:\/\/jaguariaiva.pr.gov.br\/coronavirus\/wp-content\/uploads\/2021\/06\/2_INFORMACOES-SOBRE-A-SEGURANCA-EFICACIA-POTENCIAIS-RISCOS-E-BENEFICIOS-DE-CADA-UMA-DAS-VACINAS-CONTRA-A-COVID-19-UTILIZADAS-EM-NOSSO-MUNICIPIO.-2.pdf\" data-type=\"URL\" data-id=\"https:\/\/jaguariaiva.pr.gov.br\/coronavirus\/wp-content\/uploads\/2021\/06\/2_INFORMACOES-SOBRE-A-SEGURANCA-EFICACIA-POTENCIAIS-RISCOS-E-BENEFICIOS-DE-CADA-UMA-DAS-VACINAS-CONTRA-A-COVID-19-UTILIZADAS-EM-NOSSO-MUNICIPIO.-2.pdf\" target=\"_blank\" rel=\"noreferrer noopener\"><img decoding=\"async\" class=\"wp-image-1186\" style=\"width: NaNpx;\" src=\"https:\/\/jaguariaiva.pr.gov.br\/coronavirus\/wp-content\/uploads\/2021\/06\/2_INFORMACOES-SOBRE-A-SEGURANCA-EFICACIA-POTENCIAIS-RISCOS-E-BENEFICIOS-DE-CADA-UMA-DAS-VACINAS-CONTRA-A-COVID-19-UTILIZADAS-EM-NOSSO-MUNICIPIO.-1.pdf\" alt=\"\">Visualizar<\/a><\/strong><img decoding=\"async\" class=\"wp-image-1187\" style=\"width: NaNpx;\" src=\"https:\/\/jaguariaiva.pr.gov.br\/coronavirus\/wp-content\/uploads\/2021\/06\/2_INFORMACOES-SOBRE-A-SEGURANCA-EFICACIA-POTENCIAIS-RISCOS-E-BENEFICIOS-DE-CADA-UMA-DAS-VACINAS-CONTRA-A-COVID-19-UTILIZADAS-EM-NOSSO-MUNICIPIO.-2.pdf\" alt=\"\"><\/td><\/tr><tr><td><strong>GRUPOS PRIORIT\u00c1RIOS<\/strong><img decoding=\"async\" class=\"wp-image-1437\" style=\"width: NaNpx;\" src=\"https:\/\/jaguariaiva.pr.gov.br\/coronavirus\/wp-content\/uploads\/2021\/07\/Pessoas-Vacinadas-de-acordo-com-os-Grupos-Prioritarios-1.pdf\" alt=\"\"><\/td><td><strong><a href=\"https:\/\/jaguariaiva.pr.gov.br\/coronavirus\/wp-content\/uploads\/2021\/06\/3_GRUPOS-PRIORITARIOS.pdf\" data-type=\"URL\" data-id=\"https:\/\/jaguariaiva.pr.gov.br\/coronavirus\/wp-content\/uploads\/2021\/06\/3_GRUPOS-PRIORITARIOS.pdf\" target=\"_blank\" rel=\"noreferrer noopener\">Visualizar<\/a><\/strong><\/td><\/tr><tr><td><strong>PESSOAS VACINADAS POR GRUPOS PRIORIT\u00c1RIOS<\/strong><img decoding=\"async\" class=\"wp-image-1441\" style=\"width: NaNpx;\" src=\"https:\/\/jaguariaiva.pr.gov.br\/coronavirus\/wp-content\/uploads\/2021\/07\/Pessoas-Vacinadas-de-acordo-com-os-Grupos-Prioritarios-2.pdf\" alt=\"\"><\/td><td><a href=\"https:\/\/jaguariaiva.pr.gov.br\/coronavirus\/wp-content\/uploads\/2021\/08\/1708-Pessoas-Vacinadas-de-acordo-com-os-Grupos-Prioritarios-1.pdf\" data-type=\"URL\" data-id=\"https:\/\/jaguariaiva.pr.gov.br\/coronavirus\/wp-content\/uploads\/2021\/08\/1708-Pessoas-Vacinadas-de-acordo-com-os-Grupos-Prioritarios-1.pdf\" target=\"_blank\" rel=\"noreferrer noopener\"><strong>Visu<\/strong><img decoding=\"async\" class=\"wp-image-1443\" style=\"width: NaNpx;\" src=\"https:\/\/jaguariaiva.pr.gov.br\/coronavirus\/wp-content\/uploads\/2021\/07\/Pessoas-Vacinadas-de-acordo-com-os-Grupos-Prioritarios-2-1.pdf\" alt=\"\"><strong>alizar<\/strong><\/a><\/td><\/tr><tr><td><strong>QUANTITATIVO DE DOSES RECEBIDAS<\/strong><\/td><td><strong><a href=\"https:\/\/jaguariaiva.pr.gov.br\/coronavirus\/wp-content\/uploads\/2021\/08\/1708-QUANTITATIVO-DE-DOSES-RECEBIDAS-1.pdf\" data-type=\"URL\" data-id=\"https:\/\/jaguariaiva.pr.gov.br\/coronavirus\/wp-content\/uploads\/2021\/08\/1708-QUANTITATIVO-DE-DOSES-RECEBIDAS-1.pdf\" target=\"_blank\" rel=\"noreferrer noopener\"><img decoding=\"async\" class=\"wp-image-1190\" style=\"width: NaNpx;\" src=\"https:\/\/jaguariaiva.pr.gov.br\/coronavirus\/wp-content\/uploads\/2021\/06\/5_QUANTITATIVO-DE-DOSES-RECEBIDAS.pdf\" alt=\"\">Visualizar<\/a><\/strong><\/td><\/tr><tr><td><strong>CANAL DE ENVIO DE DEN\u00daNCIAS<\/strong><\/td><td><strong><a href=\"https:\/\/jaguariaiva.pr.gov.br\/coronavirus\/wp-content\/uploads\/2021\/06\/7_CANAL-DE-ENVIO-DE-DENUNCIAS.pdf\" data-type=\"URL\" data-id=\"https:\/\/jaguariaiva.pr.gov.br\/coronavirus\/wp-content\/uploads\/2021\/06\/7_CANAL-DE-ENVIO-DE-DENUNCIAS.pdf\" target=\"_blank\" rel=\"noreferrer noopener\">Visualizar<\/a><\/strong><\/td><\/tr><tr><td><strong>ENDERE\u00c7OS, TELEFONES E HOR\u00c1RIOS SALAS DE VACINA<\/strong><\/td><td><strong><a href=\"https:\/\/jaguariaiva.pr.gov.br\/coronavirus\/wp-content\/uploads\/2021\/06\/8_ENDERECOS-TELEFONES-E-HORARIOS-SALAS-DE-VACINA.pdf\" data-type=\"URL\" data-id=\"https:\/\/jaguariaiva.pr.gov.br\/coronavirus\/wp-content\/uploads\/2021\/06\/8_ENDERECOS-TELEFONES-E-HORARIOS-SALAS-DE-VACINA.pdf\" target=\"_blank\" rel=\"noreferrer noopener\">Visualizar<\/a><\/strong><\/td><\/tr><tr><td><strong>REGISTRO DE SOBRA IDENTIFICADA DE DOSES DE VACINAS<\/strong><\/td><td><a href=\"https:\/\/jaguariaiva.pr.gov.br\/coronavirus\/wp-content\/uploads\/2021\/06\/11_REGISTRO-DE-SOBRA-IDENTIFICADA-DE-DOSES-DE-VACINAS.pdf\" data-type=\"URL\" data-id=\"https:\/\/jaguariaiva.pr.gov.br\/coronavirus\/wp-content\/uploads\/2021\/06\/11_REGISTRO-DE-SOBRA-IDENTIFICADA-DE-DOSES-DE-VACINAS.pdf\" target=\"_blank\" rel=\"noreferrer noopener\"><strong>Visualizar<\/strong><\/a><\/td><\/tr><tr><td><strong>FORMUL\u00c1RIO PARA ATESTADO M\u00c9DICO AUTORIZANDO VACINA\u00c7\u00c3O CONTRA COVID                  <\/strong>                              <\/td><td><strong><a href=\"https:\/\/jaguariaiva.pr.gov.br\/coronavirus\/wp-content\/uploads\/2021\/05\/Formulario-para-Atestado-Medico-autorizando-vacinacao-contra-COVID-1.pdf\" data-type=\"URL\" data-id=\"https:\/\/jaguariaiva.pr.gov.br\/coronavirus\/wp-content\/uploads\/2021\/05\/Formulario-para-Atestado-Medico-autorizando-vacinacao-contra-COVID-1.pdf\" target=\"_blank\" rel=\"noreferrer noopener\">Visualizar<\/a><\/strong><\/td><\/tr><tr><td><strong>PLANO ESTADUAL DE VACINA\u00c7\u00c3O CONTRA A COVID<\/strong><\/td><td><a href=\"https:\/\/jaguariaiva.pr.gov.br\/coronavirus\/wp-content\/uploads\/2021\/04\/plano-estadual-de-vacinacao-contra-a-covid-19-sesa-pr-012021_2701211611765738.pdf\" data-type=\"URL\" data-id=\"https:\/\/jaguariaiva.pr.gov.br\/coronavirus\/wp-content\/uploads\/2021\/04\/plano-estadual-de-vacinacao-contra-a-covid-19-sesa-pr-012021_2701211611765738.pdf\" target=\"_blank\" rel=\"noreferrer noopener\"><strong>Visualizar<\/strong><\/a><img decoding=\"async\" class=\"wp-image-378\" style=\"width: NaNpx;\" src=\"https:\/\/jaguariaiva.pr.gov.br\/coronavirus\/wp-content\/uploads\/2021\/04\/plano-estadual-de-vacinacao-contra-a-covid-19-sesa-pr-012021_2701211611765738.pdf\" alt=\"\"><\/td><\/tr><tr><td><strong>PLANO MUNICIPAL DE VACINA\u00c7\u00c3O<\/strong><\/td><td><strong><a href=\"https:\/\/jaguariaiva.pr.gov.br\/coronavirus\/wp-content\/uploads\/2021\/05\/PLANO-MUNICIPAL-DE-VACINACAO-COVID19-2aEdicao-04_05_2021.pdf\" data-type=\"URL\" data-id=\"https:\/\/jaguariaiva.pr.gov.br\/coronavirus\/wp-content\/uploads\/2021\/05\/PLANO-MUNICIPAL-DE-VACINACAO-COVID19-2aEdicao-04_05_2021.pdf\" target=\"_blank\" rel=\"noreferrer noopener\">Visualizar<\/a><\/strong><img decoding=\"async\" class=\"wp-image-383\" style=\"width: NaNpx;\" src=\"https:\/\/jaguariaiva.pr.gov.br\/coronavirus\/wp-content\/uploads\/2021\/04\/vacinados-at-28-01-2021_2901211611943326.pdf\" alt=\"\"><img decoding=\"async\" class=\"wp-image-381\" style=\"width: NaNpx;\" src=\"https:\/\/jaguariaiva.pr.gov.br\/coronavirus\/wp-content\/uploads\/2021\/04\/plano-municipal-de-vacina-o-covid19_2901211611918516.pdf\" alt=\"\"><\/td><\/tr><tr><td><strong>FICHA DE ATUALIZA\u00c7\u00c3O CNES<\/strong>                                                                                                                        <\/td><td><img decoding=\"async\" class=\"wp-image-385\" style=\"width: NaNpx;\" src=\"https:\/\/jaguariaiva.pr.gov.br\/coronavirus\/wp-content\/uploads\/2021\/04\/ficha-cnes-para-cadastro-de-estabelecimentos-profissionais_0103211614604167.pdf\" alt=\"\"><a rel=\"noreferrer noopener\" href=\"https:\/\/jaguariaiva.pr.gov.br\/coronavirus\/wp-content\/uploads\/2021\/04\/ficha-cnes-para-cadastro-de-estabelecimentos-profissionais_0103211614604167.pdf\" target=\"_blank\"><strong>Visualizar<\/strong><\/a><\/td><\/tr><tr><td><strong>BUSCA ATIVA D2<\/strong><\/td><td><a rel=\"noreferrer noopener\" href=\"https:\/\/jaguariaiva.pr.gov.br\/coronavirus\/wp-content\/uploads\/2021\/06\/BUSCA-ATIVA-D2-1.pdf\" target=\"_blank\"><strong>Visualizar<\/strong><\/a><\/td><\/tr><tr><td><\/td><td><\/td><\/tr><\/tbody><\/table><figcaption class=\"wp-element-caption\">Vacina\u00e7\u00e3o contra a COVID-19<\/figcaption><\/figure>\n<\/div><\/section>\n","protected":false},"excerpt":{"rendered":"","protected":false},"author":1,"featured_media":0,"parent":0,"menu_order":0,"comment_status":"closed","ping_status":"closed","template":"","meta":{"footnotes":""},"class_list":["post-353","page","type-page","status-publish","hentry","entry"],"uagb_featured_image_src":{"full":false,"thumbnail":false,"medium":false,"medium_large":false,"large":false,"1536x1536":false,"2048x2048":false},"uagb_author_info":{"display_name":"joaocmm","author_link":"https:\/\/jaguariaiva.pr.gov.br\/coronavirus\/author\/joaocmm\/"},"uagb_comment_info":0,"uagb_excerpt":null,"_links":{"self":[{"href":"https:\/\/jaguariaiva.pr.gov.br\/coronavirus\/wp-json\/wp\/v2\/pages\/353","targetHints":{"allow":["GET"]}}],"collection":[{"href":"https:\/\/jaguariaiva.pr.gov.br\/coronavirus\/wp-json\/wp\/v2\/pages"}],"about":[{"href":"https:\/\/jaguariaiva.pr.gov.br\/coronavirus\/wp-json\/wp\/v2\/types\/page"}],"author":[{"embeddable":true,"href":"https:\/\/jaguariaiva.pr.gov.br\/coronavirus\/wp-json\/wp\/v2\/users\/1"}],"replies":[{"embeddable":true,"href":"https:\/\/jaguariaiva.pr.gov.br\/coronavirus\/wp-json\/wp\/v2\/comments?post=353"}],"version-history":[{"count":27,"href":"https:\/\/jaguariaiva.pr.gov.br\/coronavirus\/wp-json\/wp\/v2\/pages\/353\/revisions"}],"predecessor-version":[{"id":1820,"href":"https:\/\/jaguariaiva.pr.gov.br\/coronavirus\/wp-json\/wp\/v2\/pages\/353\/revisions\/1820"}],"wp:attachment":[{"href":"https:\/\/jaguariaiva.pr.gov.br\/coronavirus\/wp-json\/wp\/v2\/media?parent=353"}],"curies":[{"name":"wp","href":"https:\/\/api.w.org\/{rel}","templated":true}]}}